 of 241024990?
2, 5, 107, 225257
List the prime factors of 83854862.
2, 7, 13, 47, 9803
List the prime factors of 1027824014.
2, 7, 59, 61, 20399
List the prime factors of 2070434824.
2, 53, 4883101
What are the prime factors of 381848628?
2, 3, 7, 17, 267401
List the prime factors of 1570079999.
17, 4177, 22111
List the prime factors of 857171540.
2, 5, 97, 441841
What are the prime factors of 102559287?
3, 59, 71, 8161
List the prime factors of 1505708856.
2, 3, 1619, 12917
List the prime factors of 217359336.
2, 3, 79, 114641
List the prime factors of 109618464.
2, 3, 61, 18719
List the prime factors of 965878271.
965878271
What are the prime factors of 1462111826?
2, 7, 17, 19, 323333
List the prime factors of 258448495.
5, 1583, 32653
List the prime factors of 30836022.
2, 3, 7, 37, 19843
What are the prime factors of 372070497?
3, 67, 1851097
List the prime factors of 109063882.
2, 6263, 8707
List the prime factors of 1247450726.
2, 31, 43, 107, 4373
What are the prime factors of 99933562?
2, 47, 1063123
List the prime factors of 195699569.
13, 29, 519097
What are the prime factors of 235240899?
3, 307, 255419
List the prime factors of 345586350.
2, 3, 5, 61, 179, 211
What are the prime factors of 756577399?
97, 7799767
What are the prime factors of 33606730?
2, 5, 37, 61, 1489
What are the prime factors of 220583686?
2, 29, 61, 62347
List the prime factors of 3417193556.
2, 7, 2663, 6547
List the prime factors of 1663333446.
2, 3, 37, 83, 90271
What are the prime factors of 2030671042?
2, 41, 24764281
What are the prime factors of 1752823287?
3, 317, 204793
What are the prime factors of 3972998647?
73, 745543
List the prime factors of 2310290919.
3, 41, 6260951
List the prime factors of 17488788.
2, 3, 43, 33893
What are the prime factors of 361180988?
2, 7, 449, 28729
What are the prime factors of 47878361?
263, 182047
What are the prime factors of 295426179?
3, 32825131
List the prime factors of 577462391.
11, 52496581
What are the prime factors of 71170438?
2, 457, 77867
What are the prime factors of 21214918?
2, 149, 71191
What are the prime factors of 2065417678?
2, 193, 709, 7547
What are the prime factors of 5635261775?
5, 11, 13, 19, 82963
List the prime factors of 3244106209.
17, 59, 61, 3119
What are the prime factors of 442257158?
2, 7, 547, 57751
List the prime factors of 879013667.
7, 107, 1173583
What are the prime factors of 622670920?
2, 5, 61, 255193
What are the prime factors of 583596224?
2, 9118691
List the prime factors of 65216740.
2, 5, 19, 73, 2351
What are the prime factors of 285134273?
19, 15007067
What are the prime factors of 73638690?
2, 3, 5, 2454623
What are the prime factors of 6416442859?
11059, 580201
What are the prime factors of 1724229566?
2, 43, 20049181
List the prime factors of 1038861249.
3, 787, 440009
List the prime factors of 20759840.
2, 5, 129749
What are the prime factors of 1356977840?
2, 5, 16962223
What are the prime factors of 109168229?
109168229
List the prime factors of 103408561.
10169
List the prime factors of 571200676.
2, 23, 137, 45319
List the prime factors of 473895479.
473895479
What are the prime factors of 314709945?
3, 5, 11, 1907333
What are the prime factors of 7565521704?
2, 3, 13, 109, 269, 827
List the prime factors of 8434313.
2239, 3767
List the prime factors of 506121777.
3, 7, 709, 1259
List the prime factors of 73458140.
2, 5, 7, 524701
List the prime factors of 369156132.
2, 3, 1597, 6421
What are the prime factors of 7454039?
773, 9643
What are the prime factors of 574026263?
574026263
What are the prime factors of 164381050?
2, 5, 97, 33893
What are the prime factors of 258533791?
71, 599, 6079
What are the prime factors of 38634173?
38634173
List the prime factors of 115636020.
2, 3, 5, 311, 6197
What are the prime factors of 458780997?
3, 31, 97, 50857
List the prime factors of 7262799476.
2, 19, 163, 586277
What are the prime factors of 5919557?
7, 571, 1481
What are the prime factors of 890033938?
2, 2621, 169789
List the prime factors of 4364282.
2, 13, 229, 733
What are the prime factors of 267251906?
2, 1759, 75967
List the prime factors of 799724649.
3, 19, 14030257
List the prime factors of 842306668.
2, 7, 181, 23743
List the prime factors of 32828936.
2, 7, 47, 12473
List the prime factors of 1961084416.
2, 3830243
List the prime factors of 811205649.
3, 37, 67, 103, 353
List the prime factors of 148685229.
3, 7, 11, 41, 5233
What are the prime factors of 1209796419?
3, 13, 113, 274517
What are the prime factors of 2927108916?
2, 3, 19, 431, 9929
List the prime factors of 583861.
583861
List the prime factors of 51094799.
7, 23, 45337
What are the prime factors of 16231623?
3, 73, 137, 541
What are the prime factors of 41543880?
2, 3, 5, 7, 19, 137
List the prime factors of 103843080.
2, 3, 5, 11, 8741
List the prime factors of 539184878.
2, 29, 2879, 3229
What are the prime factors of 67925808?
2, 3, 23, 20509
What are the prime factors of 1357549058?
2, 678774529
List the prime factors of 111841076.
2, 563, 49663
List the prime factors of 306980808.
2, 3, 499, 25633
What are the prime factors of 39754990?
2, 5, 11, 361409
What are the prime factors of 712534653?
3, 857, 92381
List the prime factors of 794403856.
2, 53, 936797
List the prime factors of 109707593.
3691, 29723
List the prime factors of 332699390.
2, 5, 131, 253969
List the prime factors of 117319517.
7, 2267, 7393
List the prime factors of 800122835.
5, 12269, 13043
List the prime factors of 3496694723.
467, 2677, 2797
List the prime factors of 395272633.
7, 179, 315461
List the prime factors of 218048693.
19, 604013
What are the prime factors of 32620546?
2, 7, 53, 43963
What are the prime factors of 393432567?
3, 11, 373, 31963
What are the prime factors of 183661488?
2, 3, 37, 34471
List the prime factors of 26731852.
2, 7, 29, 4703
What are the prime factors of 14142487?
17, 831911
List the prime factors of 26123075.
5, 11, 94993
What are the prime factors of 29496513?
3, 17, 578363
List the prime factors of 96836109.
3, 32278703
What are the prime factors of 82442681?
647, 127423
What are the prime factors of 126016707?
3, 42005569
List the prime factors of 148287850.
2, 5, 2965757
List the prime factors of 24802401.
3, 13, 635959
List the prime factors of 140471545.
5, 28094309
List the prime factors of 1742963622.
2, 3, 73, 353, 11273
What are the prime factors of 62020000?
2, 5, 7, 443
What are the prime factors of 986431694?
2, 29, 17007443
What are the prime factors of 66001714?
2, 33000857
List the prime factors of 767427105.
3, 5, 51161807
List the prime factors of 1238679824.
2, 353, 219313
List the prime factors of 1358936851.
37, 233, 283, 557
What are the prime factors of 150045145?
5, 17, 617, 2861
What are the prime factors of 1520827887?
3, 19, 26681191
List the prime factors of 6617558772.
2, 3, 11, 739, 22613
What are the prime factors of 994432454?
2, 1163, 427529
List the prime factors of 104362829.
37, 71, 39727
List the prime factors of 30798280.
2, 5, 499, 1543
What are the prime factors of 4717495036?
2, 17, 277, 250451
What are the prime factors of 69774095?
5, 13954819
What are the prime factors of 142850525?
5, 37, 389, 397
What are the prime factors of 60533834?
2, 30266917
What are the prime factors of 811237101?
3, 73, 3704279
What are the prime factors of 11354967?
3, 13, 37, 43, 61
What are the prime factors of 343973229?
3, 197, 263, 2213
List the prime factors of 273402257.
113, 2419489
What are the prime factors of 920937885?
3, 5, 7, 19, 97, 4759
List the prime factors of 1675101693.
3, 19, 29387749
List the prime factors of 2145731273.
7, 306533039
What are the prime factors of 32216353?
13, 23, 107747
List the prime factors of 2231992342.
2, 83, 13445737
List the prime factors of 1036466479.
4297, 241207
What are the prime factors of 2405248727?
7, 61, 181, 31121
List the prime factors of 4261538347.
11, 2531, 153067
List the prime factors of 502060296.
2, 3, 29, 721351
List the prime factors of 3654507650.
2, 5, 43, 181, 9391
List the prime factors of 225869872.
2, 19, 742993
What are the prime factors of 1025538561?
3, 251, 367, 1237
List the prime factors of 371707638.
2, 3, 61951273
What are the prime factors of 9919166?
2, 4959583
W